4.
151
Calculate the remainder when 837333 is divided by 13083.
21
What is the remainder when 2499 is divided by 1134?
231
Calculate the remainder when 422119 is divided by 38373.
16
Calculate the remainder when 653792 is divided by 57.
2
Calculate the remainder when 20813 is divided by 245.
233
Calculate the remainder when 12204 is divided by 1371.
1236
What is the remainder when 67109 is divided by 1562?
1505
Calculate the remainder when 4686867 is divided by 2036.
2031
Calculate the remainder when 85710 is divided by 43.
11
What is the remainder when 29097 is divided by 448?
425
What is the remainder when 481282 is divided by 348?
346
What is the remainder when 7095 is divided by 142?
137
What is the remainder when 1468201 is divided by 33?
31
Calculate the remainder when 1515 is divided by 200.
115
What is the remainder when 24182 is divided by 216?
206
What is the remainder when 2862604 is divided by 197?
194
Calculate the remainder when 600585 is divided by 747.
744
Calculate the remainder when 105543 is divided by 234.
9
What is the remainder when 919 is divided by 453?
13
What is the remainder when 11581 is divided by 11523?
58
What is the remainder when 338 is divided by 180?
158
Calculate the remainder when 11221 is divided by 362.
361
What is the remainder when 13468 is divided by 844?
808
Calculate the remainder when 319 is divided by 105.
4
Calculate the remainder when 212344 is divided by 846.
844
What is the remainder when 1590 is divided by 1539?
51
What is the remainder when 20929 is divided by 794?
285
What is the remainder when 3990 is divided by 64?
22
What is the remainder when 2396 is divided by 495?
416
Calculate the remainder when 130558 is divided by 143.
142
Calculate the remainder when 506911 is divided by 84484.
7
What is the remainder when 2412739 is divided by 605?
604
Calculate the remainder when 42403 is divided by 21174.
55
Calculate the remainder when 3624 is divided by 209.
71
What is the remainder when 30631 is divided by 53?
50
What is the remainder when 1539 is divided by 342?
171
What is the remainder when 6909 is divided by 16?
13
What is the remainder when 456 is divided by 299?
157
What is the remainder when 2434 is divided by 346?
12
What is the remainder when 118687 is divided by 516?
7
Calculate the remainder when 19460 is divided by 846.
2
What is the remainder when 49253 is divided by 238?
225
Calculate the remainder when 1022 is divided by 258.
248
Calculate the remainder when 3996 is divided by 989.
40
What is the remainder when 1519666 is divided by 253276?
10
What is the remainder when 19016 is divided by 318?
254
What is the remainder when 57215 is divided by 311?
302
Calculate the remainder when 90244 is divided by 8200.
44
What is the remainder when 289298 is divided by 100?
98
What is the remainder when 650838 is divided by 325417?
4
What is the remainder when 4450 is divided by 505?
410
Calculate the remainder when 55866 is divided by 24.
18
Calculate the remainder when 217439 is divided by 348.
287
What is the remainder when 547446 is divided by 597?
594
What is the remainder when 5488 is divided by 249?
10
What is the remainder when 3298 is divided by 1630?
38
Calculate the remainder when 60954 is divided by 281.
258
What is the remainder when 47271 is divided by 23502?
267
What is the remainder when 7333 is divided by 42?
25
What is the remainder when 1144 is divided by 569?
6
What is the remainder when 10433 is divided by 15?
8
What is the remainder when 78268 is divided by 8686?
94
What is the remainder when 26046 is divided by 296?
294
Calculate the remainder when 1164 is divided by 15.
9
Calculate the remainder when 1226806 is divided by 57.
52
What is the remainder when 7543 is divided by 774?
577
What is the remainder when 170768 is divided by 477?
2
What is the remainder when 37739 is divided by 789?
656
What is the remainder when 27732 is divided by 91?
68
Calculate the remainder when 1594 is divided by 150.
94
What is the remainder when 52829 is divided by 10562?
19
What is the remainder when 37512 is divided by 382?
76
What is the remainder when 361 is divided by 109?
34
Calculate the remainder when 94226 is divided by 21.
20
What is the remainder when 4812 is divided by 683?
31
What is the remainder when 3858 is divided by 549?
15
Calculate the remainder when 5181 is divided by 5171.
10
Calculate the remainder when 11020 is divided by 22.
20
Calculate the remainder when 139 is divided by 127.
12
Calculate the remainder when 58515 is divided by 722.
33
What is the remainder when 5238 is divided by 1746?
0
What is the remainder when 32088 is divided by 2917?
1
Calculate the remainder when 2998 is divided by 13.
8
Calculate the remainder when 125654 is divided by 3.
2
Calculate the remainder when 510907 is divided by 255445.
17
What is the remainder when 76516 is divided by 327?
325
What is the remainder when 188 is divided by 88?
12
What is the remainder when 74121 is divided by 112?
89
What is the remainder when 5841 is divided by 1937?
30
Calculate the remainder when 2527 is divided by 57.
19
What is the remainder when 1312 is divided by 117?
25
What is the remainder when 294899 is divided by 36854?
67
What is the remainder when 777 is divided by 324?
129
What is the remainder when 23341 is divided by 145?
141
Calculate the remainder when 7067 is divided by 52.
47
What is the remainder when 1560 is divided by 112?
104
What is the remainder when 798 is divided by 538?
260
Calculate the remainder when 2845517 is divided by 191.
190
What is the remainder when 8169 is divided by 1604?
149
Calculate the remainder when 116034 is divided by 110.
94
What is the remainder when 1424 is divided by 198?
38
Calculate the remainder when 707059 is divided by 88381.
11
Calculate the remainder when 102189 is divided by 1363.
1327
What is the remainder when 9733 is divided by 5?
3
Calculate the remainder when 304550 is divided by 8.
6
What is the remainder when 1829 is divided by 461?
446
Calculate the remainder when 118648 is divided by 59292.
64
What is the remainder when 35014 is divided by 449?
441
Calculate the remainder when 12731 is divided by 1403.
104
What is the remainder when 43523 is divided by 611?
142
What is the remainder when 2299 is divided by 36?
31
What is the remainder when 34731 is divided by 76?
75
What is the remainder when 14422 is divided by 21?
16
What is the remainder when 6330040 is divided by 18?
16
What is the remainder when 799994 is divided by 105?
104
What is the remainder when 2869072 is divided by 234?
232
What is the remainder when 25011 is divided by 18?
9
What is the remainder when 10201 is divided by 1394?
443
What is the remainder when 1117 is divided by 445?
227
What is the remainder when 158620 is divided by 135?
130
What is the remainder when 6995 is divided by 988?
79
Calculate the remainder when 8124689 is divided by 210.
209
What is the remainder when 11315 is divided by 275?
40
What is the remainder when 8167 is divided by 224?
103
What is the remainder when 446115 is divided by 7?
5
Calculate the remainder when 929 is divided by 464.
1
Calculate the remainder when 2396 is divided by 7.
2
What is the remainder when 568888 is divided by 98?
96
Calculate the remainder when 63013 is divided by 54.
49
Calculate the remainder when 269590 is divided by 141.
139
What is the remainder when 7142 is divided by 2321?
179
What is the remainder when 30780 is divided by 26?
22
What is the remainder when 244842 is divided by 122413?
16
What is the remainder when 4387 is divided by 258?
1
Calculate the remainder when 345503 is divided by 518.
515
What is the remainder when 338037 is divided by 13?
11
What is the remainder when 194022 is divided by 1338?
12
What is the remainder when 734328 is divided by 71?
46
Calculate the remainder when 8139 is divided by 562.
271
What is the remainder when 28419 is divided by 2368?
3
What is the remainder when 2196697 is divided by 287?
286
Calculate the remainder when 84348 is divided by 350.
348
What is the remainder when 18923 is divided by 431?
390
Calculate the remainder when 68847 is divided by 270.
267
What is the remainder when 2278 is divided by 758?
4
What is the remainder when 177279 is divided by 1019?
992
Wh